[INFO] cloning repository https://github.com/paranoidcake/coderdojo-meetings
[INFO] running `Command { std: "git" "-c" "credential.helper=" "-c" "credential.helper=/workspace/cargo-home/bin/git-credential-null" "clone" "--bare" "https://github.com/paranoidcake/coderdojo-meetings" "/workspace/cache/git-repos/https%3A%2F%2Fgithub.com%2Fparanoidcake%2Fcoderdojo-meetings", kill_on_drop: false }`
[INFO] [stderr] Cloning into bare repository '/workspace/cache/git-repos/https%3A%2F%2Fgithub.com%2Fparanoidcake%2Fcoderdojo-meetings'...
[INFO] running `Command { std: "git" "rev-parse" "HEAD", kill_on_drop: false }`
[INFO] [stdout] 548299cad49cf85a11df299f9a61e2e57f7ed53b
[INFO] checking paranoidcake/coderdojo-meetings against try#72f88fc4e9458f89516a0b8b0868f3718aec5b47 for pr-74989
[INFO] running `Command { std: "git" "clone" "/workspace/cache/git-repos/https%3A%2F%2Fgithub.com%2Fparanoidcake%2Fcoderdojo-meetings" "/workspace/builds/worker-6/source", kill_on_drop: false }`
[INFO] [stderr] Cloning into '/workspace/builds/worker-6/source'...
[INFO] [stderr] done.
[INFO] validating manifest of git repo https://github.com/paranoidcake/coderdojo-meetings on toolchain 72f88fc4e9458f89516a0b8b0868f3718aec5b47
[INFO] running `Command { std: "/workspace/cargo-home/bin/cargo" "+72f88fc4e9458f89516a0b8b0868f3718aec5b47" "read-manifest" "--manifest-path" "Cargo.toml", kill_on_drop: false }`
[INFO] started tweaking git repo https://github.com/paranoidcake/coderdojo-meetings
[INFO] removed path dependency types from git repo https://github.com/paranoidcake/coderdojo-meetings
[INFO] finished tweaking git repo https://github.com/paranoidcake/coderdojo-meetings
[INFO] tweaked toml for git repo https://github.com/paranoidcake/coderdojo-meetings written to /workspace/builds/worker-6/source/Cargo.toml
[INFO] crate git repo https://github.com/paranoidcake/coderdojo-meetings already has a lockfile, it will not be regenerated
[INFO] running `Command { std: "/workspace/cargo-home/bin/cargo" "+72f88fc4e9458f89516a0b8b0868f3718aec5b47" "fetch" "--locked" "--manifest-path" "Cargo.toml", kill_on_drop: false }`
[INFO] [stderr] warning: dependency (types) specified without providing a local path, Git repository, or version to use. This will be considered an error in future versions
[INFO] [stderr]     Updating crates.io index
[INFO] [stderr] error: the lock file /workspace/builds/worker-6/source/Cargo.lock needs to be updated but --locked was passed to prevent this
[INFO] [stderr] If you want to try to generate the lock file without accessing the network, use the --offline flag.
[INFO] the lockfile is outdated, regenerating it
[INFO] running `Command { std: "/workspace/cargo-home/bin/cargo" "+72f88fc4e9458f89516a0b8b0868f3718aec5b47" "generate-lockfile" "--manifest-path" "Cargo.toml" "-Zno-index-update", kill_on_drop: false }`
[INFO] running `Command { std: "/workspace/cargo-home/bin/cargo" "+72f88fc4e9458f89516a0b8b0868f3718aec5b47" "fetch" "--locked" "--manifest-path" "Cargo.toml", kill_on_drop: false }`
[INFO] [stderr] warning: dependency (types) specified without providing a local path, Git repository, or version to use. This will be considered an error in future versions
[INFO] [stderr]  Downloading crates ...
[INFO] [stderr]   Downloaded boxfnonce v0.1.1
[INFO] [stderr]   Downloaded types v0.1.2
[INFO] [stderr]   Downloaded webview-sys v0.3.3
[INFO] [stderr]   Downloaded web-view v0.5.4
[INFO] running `Command { std: "docker" "create" "-v" "/var/lib/crater-agent-workspace/builds/worker-6/target:/opt/rustwide/target:rw,Z" "-v" "/var/lib/crater-agent-workspace/builds/worker-6/source:/opt/rustwide/workdir:ro,Z" "-v" "/var/lib/crater-agent-workspace/cargo-home:/opt/rustwide/cargo-home:ro,Z" "-v" "/var/lib/crater-agent-workspace/rustup-home:/opt/rustwide/rustup-home:ro,Z" "-e" "SOURCE_DIR=/opt/rustwide/workdir" "-e" "CARGO_TARGET_DIR=/opt/rustwide/target" "-e" "CARGO_HOME=/opt/rustwide/cargo-home" "-e" "RUSTUP_HOME=/opt/rustwide/rustup-home" "-w" "/opt/rustwide/workdir" "-m" "1610612736" "--user" "0:0" "--network" "none" "rustops/crates-build-env@sha256:d92eaeed33fa75130ca1ee6c8a01d1ffb62bac859dfdfb3450e3e5d1c0146529" "/opt/rustwide/cargo-home/bin/cargo" "+72f88fc4e9458f89516a0b8b0868f3718aec5b47" "metadata" "--no-deps" "--format-version=1", kill_on_drop: false }`
[INFO] [stdout] 2f186a052e66548afc8757ff31a2de9887ad8c5ef4499dfcfd344c2ac293c6c3
[INFO] [stderr] WARNING: Your kernel does not support swap limit capabilities or the cgroup is not mounted. Memory limited without swap.
[INFO] running `Command { std: "docker" "start" "-a" "2f186a052e66548afc8757ff31a2de9887ad8c5ef4499dfcfd344c2ac293c6c3", kill_on_drop: false }`
[INFO] running `Command { std: "docker" "inspect" "2f186a052e66548afc8757ff31a2de9887ad8c5ef4499dfcfd344c2ac293c6c3", kill_on_drop: false }`
[INFO] running `Command { std: "docker" "rm" "-f" "2f186a052e66548afc8757ff31a2de9887ad8c5ef4499dfcfd344c2ac293c6c3", kill_on_drop: false }`
[INFO] [stdout] 2f186a052e66548afc8757ff31a2de9887ad8c5ef4499dfcfd344c2ac293c6c3
[INFO] running `Command { std: "docker" "create" "-v" "/var/lib/crater-agent-workspace/builds/worker-6/target:/opt/rustwide/target:rw,Z" "-v" "/var/lib/crater-agent-workspace/builds/worker-6/source:/opt/rustwide/workdir:ro,Z" "-v" "/var/lib/crater-agent-workspace/cargo-home:/opt/rustwide/cargo-home:ro,Z" "-v" "/var/lib/crater-agent-workspace/rustup-home:/opt/rustwide/rustup-home:ro,Z" "-e" "SOURCE_DIR=/opt/rustwide/workdir" "-e" "CARGO_TARGET_DIR=/opt/rustwide/target" "-e" "CARGO_INCREMENTAL=0" "-e" "RUST_BACKTRACE=full" "-e" "RUSTFLAGS=--cap-lints=forbid" "-e" "CARGO_HOME=/opt/rustwide/cargo-home" "-e" "RUSTUP_HOME=/opt/rustwide/rustup-home" "-w" "/opt/rustwide/workdir" "-m" "1610612736" "--user" "0:0" "--network" "none" "rustops/crates-build-env@sha256:d92eaeed33fa75130ca1ee6c8a01d1ffb62bac859dfdfb3450e3e5d1c0146529" "/opt/rustwide/cargo-home/bin/cargo" "+72f88fc4e9458f89516a0b8b0868f3718aec5b47" "check" "--frozen" "--all" "--all-targets" "--message-format=json", kill_on_drop: false }`
[INFO] [stdout] e71ebf2a49299bfdda1298accf265ab9c17fdff76e13fbd8864b758e1eb0cdc9
[INFO] [stderr] WARNING: Your kernel does not support swap limit capabilities or the cgroup is not mounted. Memory limited without swap.
[INFO] running `Command { std: "docker" "start" "-a" "e71ebf2a49299bfdda1298accf265ab9c17fdff76e13fbd8864b758e1eb0cdc9", kill_on_drop: false }`
[INFO] [stderr] warning: dependency (types) specified without providing a local path, Git repository, or version to use. This will be considered an error in future versions
[INFO] [stderr]    Compiling proc-macro2 v1.0.21
[INFO] [stderr]    Compiling libc v0.2.77
[INFO] [stderr]    Compiling syn v1.0.41
[INFO] [stderr]    Compiling wasm-bindgen-shared v0.2.68
[INFO] [stderr]    Compiling cfg-if v0.1.10
[INFO] [stderr]    Compiling bumpalo v3.4.0
[INFO] [stderr]    Compiling lazy_static v1.4.0
[INFO] [stderr]    Compiling pkg-config v0.3.18
[INFO] [stderr]    Compiling cc v1.0.59
[INFO] [stderr]    Compiling memchr v2.3.3
[INFO] [stderr]    Compiling serde_derive v1.0.116
[INFO] [stderr]    Compiling serde_json v1.0.57
[INFO] [stderr]    Compiling wasm-bindgen v0.2.68
[INFO] [stderr]     Checking itoa v0.4.6
[INFO] [stderr]     Checking types v0.1.2
[INFO] [stderr]    Compiling log v0.4.11
[INFO] [stderr]    Compiling quote v1.0.7
[INFO] [stderr]    Compiling webview-sys v0.3.3
[INFO] [stderr]     Checking iovec v0.1.4
[INFO] [stderr]     Checking net2 v0.2.35
[INFO] [stderr]     Checking signal-hook-registry v1.2.1
[INFO] [stderr]     Checking num_cpus v1.13.0
[INFO] [stderr]     Checking mio v0.6.22
[INFO] [stderr]     Checking mio-uds v0.6.8
[INFO] [stderr]     Checking web-view v0.5.4
[INFO] [stderr]    Compiling wasm-bindgen-backend v0.2.68
[INFO] [stderr]    Compiling wasm-bindgen-macro-support v0.2.68
[INFO] [stderr]    Compiling tokio-macros v0.2.5
[INFO] [stderr]    Compiling wasm-bindgen-macro v0.2.68
[INFO] [stderr]     Checking tokio v0.2.22
[INFO] [stderr]     Checking coderdojo-meetings v0.1.0 (/opt/rustwide/workdir)
[INFO] [stdout] error: couldn't read src/../dist/bundle.html: No such file or directory (os error 2)
[INFO] [stdout]  --> src/main.rs:6:24
[INFO] [stdout]   |
[INFO] [stdout] 6 |     let html_content = include_str!("../dist/bundle.html");
[INFO] [stdout]   |                        ^^^^^^^^^^^^^^^^^^^^^^^^^^^^^^^^^^^
[INFO] [stdout]   |
[INFO] [stdout]   = note: this error originates in a macro (in Nightly builds, run with -Z macro-backtrace for more info)
[INFO] [stdout] 
[INFO] [stdout] 
[INFO] [stdout] error[E0433]: failed to resolve: could not find `webview` in `types`
[INFO] [stdout]   --> src/main.rs:51:28
[INFO] [stdout]    |
[INFO] [stdout] 51 |                 use types::webview::Request::*;
[INFO] [stdout]    |                            ^^^^^^^ could not find `webview` in `types`
[INFO] [stdout] 
[INFO] [stdout] 
[INFO] [stdout] error: couldn't read src/../dist/bundle.html: No such file or directory (os error 2)
[INFO] [stdout]  --> src/main.rs:6:24
[INFO] [stdout]   |
[INFO] [stdout] 6 |     let html_content = include_str!("../dist/bundle.html");
[INFO] [stdout]   |                        ^^^^^^^^^^^^^^^^^^^^^^^^^^^^^^^^^^^
[INFO] [stdout]   |
[INFO] [stdout]   = note: this error originates in a macro (in Nightly builds, run with -Z macro-backtrace for more info)
[INFO] [stdout] 
[INFO] [stdout] 
[INFO] [stdout] error[E0433]: failed to resolve: could not find `webview` in `types`
[INFO] [stdout]   --> src/main.rs:51:28
[INFO] [stdout]    |
[INFO] [stdout] 51 |                 use types::webview::Request::*;
[INFO] [stdout]    |                            ^^^^^^^ could not find `webview` in `types`
[INFO] [stdout] 
[INFO] [stdout] 
[INFO] [stdout] error[E0432]: unresolved import `types::webview`
[INFO] [stdout]   --> src/main.rs:52:28
[INFO] [stdout]    |
[INFO] [stdout] 52 |                 use types::webview::*;
[INFO] [stdout]    |                            ^^^^^^^ could not find `webview` in `types`
[INFO] [stdout] 
[INFO] [stdout] 
[INFO] [stdout] error[E0433]: failed to resolve: could not find `webview` in `types`
[INFO] [stdout]   --> src/main.rs:45:42
[INFO] [stdout]    |
[INFO] [stdout] 45 |             let recieved: Message<types::webview::Request> = serde_json::from_str(&arg).unwrap();
[INFO] [stdout]    |                                          ^^^^^^^ could not find `webview` in `types`
[INFO] [stdout] 
[INFO] [stdout] 
[INFO] [stdout] error[E0433]: failed to resolve: could not find `webview` in `types`
[INFO] [stdout]   --> src/main.rs:50:39
[INFO] [stdout]    |
[INFO] [stdout] 50 |             let output: Option<types::webview::Return> = {
[INFO] [stdout]    |                                       ^^^^^^^ could not find `webview` in `types`
[INFO] [stdout] 
[INFO] [stdout] 
[INFO] [stdout] error[E0432]: unresolved import `types::webview`
[INFO] [stdout]   --> src/main.rs:52:28
[INFO] [stdout]    |
[INFO] [stdout] 52 |                 use types::webview::*;
[INFO] [stdout]    |                            ^^^^^^^ could not find `webview` in `types`
[INFO] [stdout] 
[INFO] [stdout] 
[INFO] [stdout] error[E0433]: failed to resolve: could not find `webview` in `types`
[INFO] [stdout]   --> src/main.rs:45:42
[INFO] [stdout]    |
[INFO] [stdout] 45 |             let recieved: Message<types::webview::Request> = serde_json::from_str(&arg).unwrap();
[INFO] [stdout]    |                                          ^^^^^^^ could not find `webview` in `types`
[INFO] [stdout] 
[INFO] [stdout] 
[INFO] [stdout] error[E0433]: failed to resolve: use of undeclared type or module `Return`
[INFO] [stdout]   --> src/main.rs:63:30
[INFO] [stdout]    |
[INFO] [stdout] 63 |                         Some(Return::Increment {
[INFO] [stdout]    |                              ^^^^^^ use of undeclared type or module `Return`
[INFO] [stdout] 
[INFO] [stdout] 
[INFO] [stdout] error[E0433]: failed to resolve: use of undeclared type or module `Return`
[INFO] [stdout]   --> src/main.rs:69:30
[INFO] [stdout]    |
[INFO] [stdout] 69 |                         Some(Return::DelayedIncrement {
[INFO] [stdout]    |                              ^^^^^^ use of undeclared type or module `Return`
[INFO] [stdout] 
[INFO] [stdout] 
[INFO] [stdout] error[E0433]: failed to resolve: could not find `webview` in `types`
[INFO] [stdout]   --> src/main.rs:50:39
[INFO] [stdout]    |
[INFO] [stdout] 50 |             let output: Option<types::webview::Return> = {
[INFO] [stdout]    |                                       ^^^^^^^ could not find `webview` in `types`
[INFO] [stdout] 
[INFO] [stdout] 
[INFO] [stdout] error[E0433]: failed to resolve: use of undeclared type or module `Return`
[INFO] [stdout]   --> src/main.rs:63:30
[INFO] [stdout]    |
[INFO] [stdout] 63 |                         Some(Return::Increment {
[INFO] [stdout]    |                              ^^^^^^ use of undeclared type or module `Return`
[INFO] [stdout] 
[INFO] [stdout] 
[INFO] [stdout] error[E0433]: failed to resolve: use of undeclared type or module `Return`
[INFO] [stdout]   --> src/main.rs:75:30
[INFO] [stdout]    |
[INFO] [stdout] 75 |                         Some(Return::ToUpperCase {
[INFO] [stdout]    |                              ^^^^^^ use of undeclared type or module `Return`
[INFO] [stdout] 
[INFO] [stdout] 
[INFO] [stdout] error[E0433]: failed to resolve: use of undeclared type or module `Return`
[INFO] [stdout]   --> src/main.rs:69:30
[INFO] [stdout]    |
[INFO] [stdout] 69 |                         Some(Return::DelayedIncrement {
[INFO] [stdout]    |                              ^^^^^^ use of undeclared type or module `Return`
[INFO] [stdout] 
[INFO] [stdout] 
[INFO] [stdout] error[E0422]: cannot find struct, variant or union type `Log` in this scope
[INFO] [stdout]   --> src/main.rs:58:21
[INFO] [stdout]    |
[INFO] [stdout] 58 |                     Log { text } => {
[INFO] [stdout]    |                     ^^^ not found in this scope
[INFO] [stdout] 
[INFO] [stdout] 
[INFO] [stdout] error[E0433]: failed to resolve: use of undeclared type or module `Return`
[INFO] [stdout]   --> src/main.rs:75:30
[INFO] [stdout]    |
[INFO] [stdout] 75 |                         Some(Return::ToUpperCase {
[INFO] [stdout]    |                              ^^^^^^ use of undeclared type or module `Return`
[INFO] [stdout] 
[INFO] [stdout] 
[INFO] [stdout] error[E0422]: cannot find struct, variant or union type `Increment` in this scope
[INFO] [stdout]   --> src/main.rs:62:21
[INFO] [stdout]    |
[INFO] [stdout] 62 |                     Increment { number } => {
[INFO] [stdout]    |                     ^^^^^^^^^ not found in this scope
[INFO] [stdout] 
[INFO] [stdout] 
[INFO] [stdout] error[E0422]: cannot find struct, variant or union type `Log` in this scope
[INFO] [stdout]   --> src/main.rs:58:21
[INFO] [stdout]    |
[INFO] [stdout] 58 |                     Log { text } => {
[INFO] [stdout]    |                     ^^^ not found in this scope
[INFO] [stdout] 
[INFO] [stdout] 
[INFO] [stdout] error[E0422]: cannot find struct, variant or union type `DelayedIncrement` in this scope
[INFO] [stdout]   --> src/main.rs:67:21
[INFO] [stdout]    |
[INFO] [stdout] 67 |                     DelayedIncrement { number } => {
[INFO] [stdout]    |                     ^^^^^^^^^^^^^^^^ not found in this scope
[INFO] [stdout] 
[INFO] [stdout] 
[INFO] [stdout] error[E0422]: cannot find struct, variant or union type `Increment` in this scope
[INFO] [stdout]   --> src/main.rs:62:21
[INFO] [stdout]    |
[INFO] [stdout] 62 |                     Increment { number } => {
[INFO] [stdout]    |                     ^^^^^^^^^ not found in this scope
[INFO] [stdout] 
[INFO] [stdout] 
[INFO] [stdout] error[E0422]: cannot find struct, variant or union type `ToUpperCase` in this scope
[INFO] [stdout]   --> src/main.rs:73:21
[INFO] [stdout]    |
[INFO] [stdout] 73 |                     ToUpperCase { text } => {
[INFO] [stdout]    |                     ^^^^^^^^^^^ not found in this scope
[INFO] [stdout] 
[INFO] [stdout] 
[INFO] [stdout] error[E0422]: cannot find struct, variant or union type `DelayedIncrement` in this scope
[INFO] [stdout]   --> src/main.rs:67:21
[INFO] [stdout]    |
[INFO] [stdout] 67 |                     DelayedIncrement { number } => {
[INFO] [stdout]    |                     ^^^^^^^^^^^^^^^^ not found in this scope
[INFO] [stdout] 
[INFO] [stdout] 
[INFO] [stdout] error[E0422]: cannot find struct, variant or union type `ToUpperCase` in this scope
[INFO] [stdout]   --> src/main.rs:73:21
[INFO] [stdout]    |
[INFO] [stdout] 73 |                     ToUpperCase { text } => {
[INFO] [stdout]    |                     ^^^^^^^^^^^ not found in this scope
[INFO] [stdout] 
[INFO] [stdout] 
[INFO] [stdout] error: aborting due to 12 previous errors
[INFO] [stdout] 
[INFO] [stdout] 
[INFO] [stdout] Some errors have detailed explanations: E0422, E0432, E0433.
[INFO] [stdout] 
[INFO] [stdout] For more information about an error, try `rustc --explain E0422`.
[INFO] [stdout] 
[INFO] [stderr] error: could not compile `coderdojo-meetings`.
[INFO] [stderr] 
[INFO] [stderr] To learn more, run the command again with --verbose.
[INFO] [stderr] warning: build failed, waiting for other jobs to finish...
[INFO] [stdout] error: aborting due to 12 previous errors
[INFO] [stdout] 
[INFO] [stdout] 
[INFO] [stdout] Some errors have detailed explanations: E0422, E0432, E0433.
[INFO] [stdout] 
[INFO] [stdout] For more information about an error, try `rustc --explain E0422`.
[INFO] [stdout] 
[INFO] [stderr] error: build failed
[INFO] running `Command { std: "docker" "inspect" "e71ebf2a49299bfdda1298accf265ab9c17fdff76e13fbd8864b758e1eb0cdc9", kill_on_drop: false }`
[INFO] running `Command { std: "docker" "rm" "-f" "e71ebf2a49299bfdda1298accf265ab9c17fdff76e13fbd8864b758e1eb0cdc9", kill_on_drop: false }`
[INFO] [stdout] e71ebf2a49299bfdda1298accf265ab9c17fdff76e13fbd8864b758e1eb0cdc9
